 d = 735 + -1184. Let l = -258 - d. Is l a prime number?
True
Let d = 2065 + 1044. Is d prime?
True
Let t = 1324 - 167. Suppose -6605 = -5*r - 2*f - 846, t = r + 3*f. Is r prime?
True
Let f = 122 + 32. Suppose 3*d = d + 590. Let a = d - f. Is a composite?
True
Let d = -102578 - -194751. Is d composite?
False
Let t(s) = -8*s + 14*s + s**2 + 2 - 3*s + 11*s. Let f be t(-14). Suppose 2*o - 392 = -2*o - 4*c, f*o - 4*c - 190 = 0. Is o composite?
False
Suppose -3*t - 2*a = -17903, 5*t - 33712 = -4*a - 3877. Is t prime?
False
Let q(v) = 2*v - 8. Let o be q(9). Suppose o = -5*j, j - 2*j = 4*s + 10. Is 2847/11 - s/11 composite?
True
Let o(k) = -k**3 + 7*k**2 - 7*k + 9. Let y be o(6). Suppose 3*w + 1730 = 8*w - y*x, 3*x = -3*w + 1062. Suppose -208 - w = -d. Is d composite?
False
Is 10*(19 - -1 - (-7)/14) a prime number?
False
Is -9 - (-10 + -5103 + 7) composite?
True
Let j be 1/(9/(-21)*(-3)/9). Let x(w) = 16*w**2 + 11*w - 26. Is x(j) prime?
False
Let s(y) = 11*y + 4. Let p be s(-6). Let b be ((20/4)/10)/(2/(-596)). Let u = p - b. Is u a prime number?
False
Suppose h = 5*h + 4. Is (-27405)/(-28) - (9/12 + h) a prime number?
False
Suppose 0 = -g + 57 + 89. Is g a prime number?
False
Let o(r) = 12*r**2 + 3*r + 4. Suppose -4*l = -6 - 26. Let d = l + -3. Is o(d) prime?
False
Suppose -13*k + 31346 = -43781. Is k a composite number?
False
Let w = -57 + 49. Let j(o) = 15*o**2 + 2*o + 3. Is j(w) composite?
False
Let k = 9446 + -6435. Is k prime?
True
Let u(j) = -29*j**3 - 4*j**2 - 6*j - 6. Let i be u(-4). Suppose -f - 122 = 2*c - 843, 5*c - i = -5*f. Is c composite?
False
Let p = 1519 - -24. Is p prime?
True
Let n(z) = 216*z + 9. Let c be n(3). Suppose -q = 2*v - 2420 - c, 2*v = -3*q + 9223. Is q a prime number?
False
Suppose 302 + 337 = -q. Let j = -186 - q. Is j a prime number?
False
Is (120396/(-48))/(-1*6/24) a composite number?
True
Let c = 37 - 32. Suppose 0*b = c*b - 2675. Is b a composite number?
True
Suppose z + 1912 = 11283. Is z composite?
False
Suppose -3*s = -0*s + 261. Let p = 124 + s. Is p prime?
True
Let w = 148333 - 101204. Is w a prime number?
True
Let w(n) be the first derivative of n**4/4 + 2*n**3/3 + n**2 + 293*n - 7. Is w(0) prime?
True
Let f be 0 + 0/2 - (-5 + 3). Is (765 + f)/1 + 4 prime?
False
Suppose -5*q + 19 = -16. Let k(o) = -3*o - 2*o**2 + 0*o + 4 + 6*o**2. Is k(q) a prime number?
True
Let h(r) = -r**3 + 10*r**2 + 11*r - 1. Let o be h(11). Let j(p) = 133*p**2 - 1. Let z be j(o). Let u = 139 + z. Is u a prime number?
True
Let q be ((-12)/(-18))/(2/3). Let o be q/((0 + -1)/(-6)). Suppose -o*b - 43 = -169. Is b a composite number?
True
Suppose 2*v - 7 = -23. Let h be -347*58/14 - 4/(-7). Is v/20 + h/(-5) a composite number?
True
Suppose -2*j + 2916 = -8962. Is j prime?
True
Let u = 45923 + 14976. Is u composite?
False
Let x = 394 - -658. Suppose -5*v + 1315 = 5*l, x = -2*v + 6*v - l. Is v a prime number?
True
Let c(p) = -10*p - 3*p**2 + 13 + 8*p**3 - 6 - 4*p**2 + 3*p**2. Is c(6) a composite number?
False
Let i(a) = -14*a**2 - 24*a + 16. Let d(k) = -k**3 + k**2 - k. Let f(u) = -d(u) + i(u). Is f(21) a composite number?
False
Suppose -5*l + 88 = -2*f, -3*l + 16 = -5*f - 166. Let o = -8 - -4. Is f/o + 1/2 a composite number?
True
Let j be (-826)/14 + (-1 + -1)*-1. Is (-2 + -19)*(2 + j/9) a composite number?
True
Let a = -37236 + 79267. Suppose -3837 = -4*p + a. Is p a composite number?
False
Suppose 3*y = -y. Suppose 3*m + y*t - 37 = 2*t, 5*t + 21 = 2*m. Suppose -4*i + m = -1047. Is i a prime number?
False
Suppose 35 = 2*a + 3*y, -5*a - 4*y = -0*y - 70. Is 164*1/5 + 2/a a prime number?
False
Suppose 0 = 2*z, -35*y + 32289 = -32*y - 3*z. Is y a prime number?
False
Suppose 11*i + 245883 = 22*i. Is i composite?
True
Suppose -4*x = 4*y - 218072, -6*y = -9*y + 3*x + 163572. Is y prime?
True
Let d = -1119 + 2292. Suppose -2*k - 359 = -d. Is k a composite number?
True
Let a = -5 - -2. Let x be (0/(-9))/(2 + a). Let u = x + 239. Is u composite?
False
Suppose 480 = 9*h - 15*h. Let r = h - -139. Is r a prime number?
True
Let l = -1878 - -3419. Is l composite?
True
Let q be (-4 - (4 + (-1 - 7))) + 1. Is (-1)/(-5) + q + (-94196)/(-20) a composite number?
True
Let c(t) = -53*t**3 - 5*t**2 + 5*t + 58. Is c(-7) prime?
True
Let p(j) = -9*j**2 + 30*j - 20. Let c be p(19). Let v = 4160 + c. Is v a prime number?
False
Is (-72303)/(-5) - ((-1026)/90 + 11) prime?
True
Let t = -78 + -5. Suppose -5*l = 11 + 9, 4*p - 104 = 3*l. Let i = p - t. Is i composite?
True
Let u(c) = 6*c**2 - 19*c - 544. Is u(-17) a composite number?
True
Suppose 0 = -5*p + 18 + 7. Suppose 67 = p*z - 4*z. Is z composite?
False
Let v = 719 - -4882. Is v composite?
True
Let p(q) = -136*q + 18. Let k be p(3). Let v = -263 - k. Is v prime?
True
Let t(n) = 3*n**3 + 2*n**2 + 3*n. Let k(s) = s**2 + s. Let a(g) = 3*k(g) - t(g). Let b be a(-1). Suppose 2*m - m - 33 = z, -5*z = -b*m + 128. Is m composite?
False
Let z be (-39)/26*(-40)/(-6). Let t be ((-4)/z)/((-10)/6250). Let f = t + 461. Is f prime?
True
Suppose -8*g = -4*g. Let t = g + 5. Let r(c) = c**2 + 4*c + 6. Is r(t) a prime number?
False
Let r = 25086 - 143. Is r a composite number?
False
Let c = 14 - 3. Suppose -7*u + c*u = 72. Is 1590/u - (-2)/3 composite?
False
Let i(r) = r**2 - r. Let h(j) = 4*j**2 - 7*j + 2. Let f(o) = h(o) - 5*i(o). Let l be f(0). Suppose -3*c = b - 215, -l*c = 3*b - 3*c - 645. Is b a prime number?
False
Let q = 678 + -391. Is q composite?
True
Suppose -3*j - 21 = -6*j. Let x(b) = 8*b**2 + 2 - 3*b - b + j*b + 0*b**2. Is x(-5) a composite number?
True
Let p(y) = 27*y - 53. Let i be p(-13). Let g = -210 - i. Is g a prime number?
False
Let a = -4 + -11. Let s be 13281/(-2) - ((-6)/(-1))/(-12). Is 1/3 + s/a composite?
False
Let a be 3/3 + -1 + 7. Suppose -a*x = -3*x. Suppose x = -4*y + 216 + 160. Is y composite?
True
Let d(x) = -2*x**3 - 24*x**2 - 2*x - 22. Let k be d(-12). Suppose -k*y = -708 - 1106. Is y composite?
False
Suppose -3*u = 3*a - 4098, 40*u - 35*u + 3*a = 6820. Is u composite?
False
Let t = 9137 - 3468. Is t a composite number?
False
Let c = -6395 - -11382. Is c a composite number?
False
Suppose -75 + 99 = 4*g. Let c(b) = 11*b - b**2 + 2 - b - 7. Is c(g) a prime number?
True
Let t = 1950 - 138. Let g = -941 + t. Is g a prime number?
False
Let m = 1538 - 193. Is m a prime number?
False
Suppose -8*t = -46171 - 38061. Is t a prime number?
True
Suppose 398 = -4*a + 3078. Let l = 1467 - a. Is l composite?
False
Let b(a) = 2*a**3 - 10*a**2 - 18*a + 35. Is b(9) composite?
False
Let x be (-3)/((-30)/8)*5 + 4593. Suppose q = -4, x = 3*d - 0*q - q. Is d a prime number?
True
Let p = -39 - -38. Is 1/(p*1/(-149)) a composite number?
False
Let c(g) = 2183*g**3 - 6*g**2 + 1. Is c(2) a prime number?
False
Let h(n) = -104*n - 8. Let g be h(-4). Suppose g - 1281 = -9*o. Is o a prime number?
True
Let r = 97939 - 62361. Is r prime?
False
Let j = -14 + 141. Is j prime?
True
Suppose -m + 2922 = 5*h, 5701 = 3*m - 4*h - 3084. Is m composite?
False
Let k = 12845 + 4446. Is k a prime number?
True
Let q = 112 + -70. Let s(u) = 9*u - q*u + 292*u. Is s(1) composite?
True
Suppose 2*j = -b - 7, 2*b - 3 = 5*b. Is j*((-1)/(-3))/(4/(-2148)) prime?
False
Suppose i = q + 21482, -5*q + q = 2*i - 42994. Is i a composite number?
False
Is -6*(3134/(-12) + 6) composite?
False
Let r(l) = 15*l**3 - 5*l**2 + 13. Is r(5) prime?
False
Suppose -5*n = 4*j - 0*j - 1990, -j + 397 = n. Suppose -2*m = a - n, a = -3*a + 4*m + 1668. Let f = a - 189. Is f prime?
True
Let l(a) = -a**2 + 15*a - 29. Let q be l(9). Let d = 444 - q. Is d a composite number?
False
Let h(o) = o**2 + 7*o - 8. Let n be h(-8). Suppose i - 1779 = -2*p, 5*i + 4*p + n*p = 8889. Is i a prime number?
True
Let q(j) = 71*j**2 - 5*j - 12. Let g be q(4). Let n = g + -659. Is n a prime number?
False
Let t be (1 + 3 - 3) + 4. Suppose -t*y + 3*y + 586 = 0. Is y a prime number?
True
Is (-6 - -43512) + (3 - (-1 - 3)) a composite number?
True
Let t(y) = -351*y - 112. Is t(-19) prime?
False
Let j(h) = 3*h**3 + 2*h**2 - h + 6. Is j(7) composite?
True
Let u = -32 + 32. Suppose -5*k - k + 8238 = u. Is k composite?
False
Suppose -941 = -n - 4*l, 5*n - 5*l + 3*l = 4661. Is n a prime number?
False
Let d(i) = 3*i - 1. Let t be d(1). Suppose 32 = 4*c + 2*h, -t*h - 26 = -2*c + 2*h. Is 2/c - (-17170)/90 prim